s the value of -7 + 2 + -4 - (107 + -84)?
-32
-6 - (0 - -3) - (9 + 7)
-25
Evaluate (-16 - (5 - 22)) + 5.
6
Evaluate 32 - (-5 + 18 + (-15 - -9)).
25
What is ((1 - -12) + 9 - (7 - 2)) + 9?
26
Evaluate -34 + 15 + -32 + 11.
-40
Evaluate -23 + 23 + (5 - -4).
9
What is -18 + (-3 + -2 - 2) + (3 - -6)?
-16
What is 3 + -10 - (90 - 74)?
-23
-1 + 1 - 6 - (1 - (-5 + 13))
1
-1 - -6 - (-62 - -67)
0
-28 - ((-6 - (5 + -3 - 9)) + 1)
-30
What is the value of (5 - (-26 + -11 + 17)) + (2 - 10)?
17
Calculate -6 - (-16 - -26 - 26).
10
What is the value of 0 + -4 - (3 + -3 + 2 + 0)?
-6
Evaluate -18 - (3 + 0 + -8 + 15 + -15).
-13
Calculate (0 - -1) + 341 + -355.
-13
Calculate (-57 + 36 - -7) + (21 - 2).
5
Calculate 17 + (47 - 49) + (1 - -1).
17
Evaluate 6 - (-23 + 34) - 1.
-6
What is the value of -2 + -13 + 0 + 409 + -401 - 27?
-34
What is 5 + -12 + (4 + (3 - 3) - 16)?
-19
What is (-1 + 8 + -4 - 8) + 9 - 8?
-4
What is the value of 9 - (0 + -5 + 18 + -3 - 21)?
20
What is the value of -7 - (-9 + 11 + 3 + (-10 - -2))?
-4
What is the value of -73 + 99 - (22 - 18)?
22
Calculate (26 - (16 + (28 - 25))) + -1 + -15.
-9
Calculate 1 - -1 - (-8 + 5 - -1).
4
Calculate 1 - -2 - (-25 - (-18 + 0)).
10
(9 - 6 - 42) + (5 + -1 - 1)
-36
What is -285 - -290 - (24 + 0)?
-19
(0 - (14 + -24) - 8) + 14
16
Evaluate 0 - 3 - (-9 + 21 + 4).
-19
What is the value of (-307 - -304) + -7 + 0?
-10
Evaluate (-4 + 3 + 9 - 12) + -4.
-8
Evaluate (-4 - -10) + -5 - (-6 + (16 - 9)).
0
(-6 - -9 - (-3 - 3 - -7)) + 9
11
Evaluate 0 - ((-42 - -17) + (13 - 4)).
16
Calculate (-6 - -2) + 11 - (-17 - -49).
-25
What is 20 + (10 - 8) + (-27 - -16)?
11
-13 - ((-10 - -11) + -3) - -41
30
What is the value of (26 + -17 - -11) + -37?
-17
Calculate 19 - ((-23 - -44) + -28).
26
What is 23 + (-15 - 14 - -9)?
3
What is (-2 - -1) + (3 + -9 - -15)?
8
Calculate -13 + 12 + -12 - -3.
-10
29 + -2 - (9 - (-1 + 19 - 20))
16
(-8 + 4 - 3 - -14) + -29 - -6
-16
What is the value of -5 + 10 + -1 + -7 - (10 - 28)?
15
Evaluate -6 + -3 - (14 + 2) - -12.
-13
Evaluate 9 + (9 - (14 - -12)) - 0.
-8
Evaluate -32 - -2 - (9 - (1 + (11 - -1))).
-26
Evaluate 1 - ((-116 - -113) + 3 + 0).
1
Calculate (66 - 64) + -3 + 13 - -4.
16
What is (38 - (-8 + 11)) + -4 + -9?
22
(-1 - 21) + 8 + -2
-16
Calculate 26 - -2 - (29 - 12).
11
Calculate (3 - -8) + -18 - -5.
-2
Calculate 12 - 14 - 20 - (3 - 11).
-14
What is -32 - (-28 - (-26 + 6))?
-24
What is the value of (-2 - 1) + (-1 + -34 - -50)?
12
What is the value of (-3 + 9 - -1) + (-21 - -66 - 23)?
29
What is (-17 - (-11 - -4)) + -6 + 3?
-13
Evaluate 55 + -8 - 30 - -1.
18
Calculate 9 - (5 + -3 + 2 - (29 - 24)).
10
What is the value of -3 + (-5 - -3) + -6 + 14?
3
30 - 1 - ((17 - -21) + -27)
18
Calculate -19 + 27 + -26 - 3.
-21
What is the value of -1 - 1 - (-35 - 2 - -24)?
11
Evaluate 0 + ((5 - -6) + -3 - -4).
12
Evaluate -9 + -4 + 4 + 1 + -2 + -7.
-17
What is the value of -2 + 18 - 7 - 25?
-16
What is 1 + (3 - 12) - (195 - 209)?
6
What is the value of 28 - -4 - (6 + 7 - (-2 - -8))?
25
Calculate -11 + (-2 - 12 - -9) - 0.
-16
What is 17 + -11 + -10 + 3?
-1
18 + 29 + (-3 - 18)
26
What is -5 + (-2 - -4) - ((1 - 6) + 8)?
-6
(10 - 15) + (3 + 0 + -1 - -23)
20
Evaluate -17 + 0 + -2 + 4 + -7 + -4.
-26
Calculate (-4 - -1) + (2 - (-3 - -3)).
-1
Calculate 9 + (-5 - 3) + -4 + -1 + -3.
-7
Evaluate 1 + -11 + (-6 - -15 - 5).
-6
What is 0 + 3 + 2 + (-17 - (-36 + 13))?
11
Evaluate -35 + 11 - (-26 - 5).
7
Calculate -132 - -120 - (-2 + (-2 - 2)).
-6
What is 13 + (-14 - -7) - (-1 + -1 - -6)?
2
Calculate -16 - (-31 - (-30 - -16)).
1
What is the value of 8 - (12 + (-9 - -8 - 15))?
12
What is 1 + (0 - -8) + -103 + 101?
7
What is the value of -3 + (-3 - 0) + 4 + -6?
-8
Evaluate 10 - (-3 + (-1 - -3)) - 4.
7
Evaluate 12 - (21 - (-4 - -30)).
17
Evaluate (-12 + 20 - (2 - (-1 - -6))) + -5.
6
Evaluate 0 + (1 - (4 + -14)).
11
(-18 + -7 - (7 - 15)) + -4
-21
What is -2 + 2 + -2 + (4 - 7) + 10?
5
What is the value of -8 - 4 - (-64 + 62)?
-10
36 + -21 + -50 + 5
-30
-1 - -1 - (8 - 0) - (-325 - -325)
-8
6 + (-3 - (4 + -11)) - 2
8
What is the value of -2 + -1 + (43 - 28 - 7)?
5
Evaluate -1 + (9 - 8) + (3 - 5) + 23.
21
What is the value of 21 + (-18 - -19 - 14)?
8
Calculate 9 - (2 - (-9 - 9) - -15).
-26
Calculate (1 - -1 - -4) + -4 + (6 - 9).
-1
(-8 - -2) + 7 + 28 + -19 + -1
9
What is the value of -4 + 6 + (11 + -4 - 7) - 3?
-1
Calculate (9 - -16) + -17 + -22 + 0.
-14
(-20 - (12 - -1) - 1) + 16
-18
What is the value of 8 + (23 - 7 - 31)?
-7
Evaluate 1 - 21 - 4 - 7.
-31
Evaluate 18 - (-11 - -24) - (-1 + 0 - -2).
4
What is the value of (-1 - (-8 + 0) - 17) + 2 + 4?
-4
What is the value of -1 + -24 + 8 + -15?
-32
What is the value of -4 + 8 + 7 + 6 + -8?
9
What is 0 + 5 - -1 - (32 + 15 + -33)?
-8
What is the value of 1 + 23 - 0 - (-71 - (-83 - -8))?
20
Calculate -22 + -12 + (33 - 10).
-11
What is the value of -10 - ((-11 - 7) + 5)?
3
(2 - 14) + 11 + -33 + 11 + 12
-11
Calculate 33 + -32 - (-2 + -1).
4
What is -11 + 2 - (12 + -10 - (-4 + 1))?
-14
What is the value of 7 + (-12 - -29 - (4 - -6))?
14
Calculate -2 + 26 + (-4 - 10).
10
Calculate (-14 + 4 - -4) + 1 + -7 + 0.
-12
Evaluate (1 - -2) + (-1 + 17 - (-328 + 343)).
4
(-24 - -23) + (3 + -7 - 0) + 10
5
What is (0 - -8) + (12 - (1 + -1 + -14))?
34
Calculate -9 + 0 - ((-21 - -14) + 12).
-14
What is (6 + -26 + -8 - -5) + 11 - -11?
-1
Evaluate -6 + 4 - (-26 + 24 - 26).
26
Calculate -9 - -2 - (-115 + 112).
-4
Evaluate (-3 - (0 + 10 + -15)) + (2 - -1).
5
95 + -100 + (2 - 2) + -2
-7
Calculate 0 - 1 - -11 - (-1 + 30).
-19
0 - (4 - (-4 + 2)) - (-8 - -13)
-11
Calculate (8 - (10 + -43 + 28)) + -3 + -1.
9
0 + -3 + 1 - (3 - (3 - 1))
-3
Evaluate -6 - ((5 - 7 - (-11 - -6)) + 3).
-12
What is 0 - -4 - (0 + 16) - (-18 - -25)?
-19
Evaluate -5 + 6 - (3 + (-3 - -3) + -12).
10
What is the value of 3 + 2 - (-5 + 0 + 12 + -12)?
10
What is the value of 8 - ((0 - 1) + (-6 - -3)) - 6?
6
What is (1 - -10) + (-341 - -334)?
4
What is -55 + (2 - 12 - -51)?
-14
Evaluate 26 + (18 - 48) + 4.
0
Evaluate -7 - (-8 - (-4 + 9 + 2)).
8
What is 7 + -11 + 0 - (2 - (3 - 8))?
-11
4 + 12 + -42 - -43
17
What is 49 + -44 - (0 - (3 + -14))?
-6
What is the value of 25 - (19 - 12 - -8 - 17)?
27
What is -44 - -43 - (-1 + 9 + -3)?
-6
What is (5 + -3 - 2) + (2 - 5)?
-3
What is (9 - (-2 + (14 - 11))) + (10 - 0)?
18
-15 + (28 + 0 - 23)
-10
What is the value of -22 + (8 + 2 + -1 - (-131 - -144))?
-26
What is the value of -2 + (-37 - (0 + -19))?
-20
Evaluate -8 + -30 + 31 + 19.
12
What is the value of (-23 - (-23 - 34)) + -22?
12
Evaluate (7 - (-1 + -1)) + -9 + 14.
14
Calculate (13 - -2) + -8 + (0 - 22) + -2.
-17
4 - 11 - (3 - 1)
-9
What is the value of -22 + 25 + 7 - (0 - -8) - -3?
5
(-28 + 52 - 21) + (-2 - -1 - -1)
3
What is the value of 8 + 24 + 1 + -15 + 6?
24
(344 - 348) + (1 - -4)
1
-24 + 26 + (-10 - (-1 - 0)) + -3
-10
What is -5 + -1 - 2 - -3 - (9 + -5)?
-9
What is the value of 18 + (11 - 43) - -8?
-6
What is the value of -12 + (-13 - 3 - (18 + -31))?
-15
Calculate -4 - ((10 - 3 - 6) + -6 + 3).
-2
What is the value of -4 + (-23 + 38 - 21)?
-10
(7 - 6) + -3 - (5 + -4 + 0)
-3
Calculate 1 - -8 - (-23 - -28).
4
What is the value of -234 + 254 - (3 + -3 + 1) - -4?
23
Calculate (11 + -11 - (-3 - 5)) + 10.
18
What is the value of 29 + -26 - (17 - 1)?
-13
Calculate -2 - 14 - (23 - 45).
6
What is the value of 11 - 20 - (106 - 102)?
-13
What is 10 + 7 + 0 + -22 + (0 - 0)?
-5
What is the value of (-8 + 13 - 0) + 0 + -18 + -2?
-15
What is 9 - (6 - (16 - 14))?
5
What is the value of -19 - ((-50 - -29) + 11)?
-9
What is the value of 19 + (1 - (7 + -2))?
15
What is 6 - (21 + (-12 - (5 + -2) - -8))?
-8
What is 20 + 1 + -19 - (-2 + 9)?
-5
Evaluate 1 + 1 + -1 + (8 - -6).
15
-30 + (-13 - 10 - -13) + 16
-24
What is the value of -27 - -6 - (2 - (-2 + 11))?
-14
Evaluate -297 - -305 - (-25 + 5).
28
What is -2 + 1 + -1 - (35 + (-35 - 23))?
21
-3 + -1 - (-4 + 6 + -3 + 9)
-12
What is 10 - (23 - -17 - 26)?
-4
-9 + (-6 - (-12 - 6 - (2 - 7)))
-2
What is -3 + 6 + (-7 - (-7 - -5) - -3)?
1
What is 9 - (-26 - -42) - (-28 + (-1 - -2))?
20
Calculate -17 + (-1 - -34) + -12.
4
What is the value of -19 + 1 + 9 + 5?
-4
What is -31 + 31 + -3 + 6?
3
What is 74 - 86 - ((-2 - 4) + 2)?
-8
-34 - -20 - (-11 + 2)
-5
Calculate (-19 - -16) + 17 - (2 - -3).
9
Evaluate 10 + (0 - 35) + (-36 - -41) - 1.